{"id":334,"date":"2019-10-18T11:12:22","date_gmt":"2019-10-18T11:12:22","guid":{"rendered":"http:\/\/musikstudio-brinkum.de\/?page_id=334"},"modified":"2024-05-18T06:49:23","modified_gmt":"2024-05-18T06:49:23","slug":"nappydancers-hummelchen-tanzfloehe","status":"publish","type":"page","link":"https:\/\/musikstudio-brinkum.de\/?page_id=334","title":{"rendered":"YogaMotorik\u00ae (4-6 Jahre)"},"content":{"rendered":"\n<p>Das Konzept YogaMotorik\u00ae<\/p>\n\n\n\n<p>von Caren Leonhard<\/p>\n\n\n\n<p>YogaMotorik ist ein Konzept f\u00fcr die bewegte Entspannungsarbeit mit Kita- und Grundschulkindern. Gleichgewicht, Koordination, Achtsamkeit und auch Sprachf\u00f6rderung bilden das Ger\u00fcst dieses Entspannungskonzepts und unterst\u00fctzen die Kinder in der Entwicklung der motorischen und emotionalen Kompetenzen. Weitere Infos zum Konzept gibt es hier: <a href=\"https:\/\/www.yogamotorik.de\/Konzept.html\">https:\/\/www.yogamotorik.de\/Konzept.html<\/a><\/p>\n\n\n\n<p><strong>YoMo im Musikstudio<\/strong><\/p>\n\n\n\n<figure class=\"wp-block-embed is-type-video is-provider-youtube wp-block-embed-youtube wp-embed-aspect-16-9 wp-has-aspect-ratio\"><div class=\"wp-block-embed__wrapper\">\n<iframe loading=\"lazy\" title=\"Einblick in eine YogaMotorik\u00ae-Stunde im Musikstudio f\u00fcr Kinder, Stuhr\" width=\"676\" height=\"380\" src=\"https:\/\/www.youtube.com\/embed\/AP_o6dp2bao?feature=oembed\" frameborder=\"0\" allow=\"accelerometer; autoplay; clipboard-write; encrypted-media; gyroscope; picture-in-picture; web-share\" referrerpolicy=\"strict-origin-when-cross-origin\" allowfullscreen><\/iframe>\n<\/div><\/figure>\n\n\n\n<p>Kursleitung: Tessa Breuer<\/p>\n\n\n\n<p><em>Altersgruppe: 4-6 Jahre, ohne Elternbegleitung<\/em><\/p>\n\n\n\n<p>Jede YogaMotorik\u00ae-Stunde hat ein bestimmtes Oberthema, zu dem die passenden Spiele und  \u00dcbungen durchgef\u00fchrt werden. In einer kleinen Gruppe erproben die Kinder die YoMo-Haltungen, spielen Wahrnehmungsspiele, machen Atem\u00fcbungen, singen, tanzen und musizieren und vieles mehr. Bewegungsspiele und Entspannung wechseln sich dabei ab.<\/p>\n\n\n\n<figure class=\"wp-block-image size-large\"><img loading=\"lazy\" decoding=\"async\" width=\"768\" height=\"1024\" src=\"https:\/\/musikstudio-brinkum.de\/wp-content\/uploads\/2023\/05\/WhatsApp-Image-2023-05-13-at-08.06.08-768x1024.jpeg\" alt=\"\" class=\"wp-image-633\" srcset=\"https:\/\/musikstudio-brinkum.de\/wp-content\/uploads\/2023\/05\/WhatsApp-Image-2023-05-13-at-08.06.08-768x1024.jpeg 768w, https:\/\/musikstudio-brinkum.de\/wp-content\/uploads\/2023\/05\/WhatsApp-Image-2023-05-13-at-08.06.08-225x300.jpeg 225w, https:\/\/musikstudio-brinkum.de\/wp-content\/uploads\/2023\/05\/WhatsApp-Image-2023-05-13-at-08.06.08-1152x1536.jpeg 1152w, https:\/\/musikstudio-brinkum.de\/wp-content\/uploads\/2023\/05\/WhatsApp-Image-2023-05-13-at-08.06.08-676x901.jpeg 676w, https:\/\/musikstudio-brinkum.de\/wp-content\/uploads\/2023\/05\/WhatsApp-Image-2023-05-13-at-08.06.08.jpeg 1536w\" sizes=\"(max-width: 768px) 100vw, 768px\" \/><figcaption class=\"wp-element-caption\">YoMo-Stunde &#8222;Am Ententeich&#8220;<\/figcaption><\/figure>\n\n\n\n<p>YogaMotorik\u00ae ist keine &#8222;neue Form des Kinderyoga&#8220;, sondern ein eigenst\u00e4ndiges Entspannungskonzept, das Kinder spielerisch in die Entspannung bringt und vor allem richtig viel Spa\u00df macht.<\/p>\n\n\n\n<figure class=\"wp-block-image size-large\"><img loading=\"lazy\" decoding=\"async\" width=\"768\" height=\"1024\" src=\"https:\/\/musikstudio-brinkum.de\/wp-content\/uploads\/2023\/05\/WhatsApp-Image-2023-05-13-at-08.05.26-768x1024.jpeg\" alt=\"\" class=\"wp-image-648\" srcset=\"https:\/\/musikstudio-brinkum.de\/wp-content\/uploads\/2023\/05\/WhatsApp-Image-2023-05-13-at-08.05.26-768x1024.jpeg 768w, https:\/\/musikstudio-brinkum.de\/wp-content\/uploads\/2023\/05\/WhatsApp-Image-2023-05-13-at-08.05.26-225x300.jpeg 225w, https:\/\/musikstudio-brinkum.de\/wp-content\/uploads\/2023\/05\/WhatsApp-Image-2023-05-13-at-08.05.26-1152x1536.jpeg 1152w, https:\/\/musikstudio-brinkum.de\/wp-content\/uploads\/2023\/05\/WhatsApp-Image-2023-05-13-at-08.05.26-676x901.jpeg 676w, https:\/\/musikstudio-brinkum.de\/wp-content\/uploads\/2023\/05\/WhatsApp-Image-2023-05-13-at-08.05.26.jpeg 1536w\" sizes=\"(max-width: 768px) 100vw, 768px\" \/><figcaption class=\"wp-element-caption\">YoMo-Stunde &#8222;Auf der Wiese&#8220;<\/figcaption><\/figure>\n\n\n\n<figure class=\"wp-block-image size-large\"><img loading=\"lazy\" decoding=\"async\" width=\"1024\" height=\"858\" src=\"https:\/\/musikstudio-brinkum.de\/wp-content\/uploads\/2024\/03\/Design-ohne-Titel-19-1024x858.jpg\" alt=\"\" class=\"wp-image-669\" srcset=\"https:\/\/musikstudio-brinkum.de\/wp-content\/uploads\/2024\/03\/Design-ohne-Titel-19-1024x858.jpg 1024w, https:\/\/musikstudio-brinkum.de\/wp-content\/uploads\/2024\/03\/Design-ohne-Titel-19-300x252.jpg 300w, https:\/\/musikstudio-brinkum.de\/wp-content\/uploads\/2024\/03\/Design-ohne-Titel-19-768x644.jpg 768w, https:\/\/musikstudio-brinkum.de\/wp-content\/uploads\/2024\/03\/Design-ohne-Titel-19-676x567.jpg 676w, https:\/\/musikstudio-brinkum.de\/wp-content\/uploads\/2024\/03\/Design-ohne-Titel-19.jpg 1293w\" sizes=\"(max-width: 1024px) 100vw, 1024px\" \/><\/figure>\n","protected":false},"excerpt":{"rendered":"<p>Das Konzept YogaMotorik\u00ae von Caren Leonhard YogaMotorik ist ein Konzept f\u00fcr die bewegte Entspannungsarbeit mit Kita- und Grundschulkindern. Gleichgewicht, Koordination, Achtsamkeit und auch Sprachf\u00f6rderung bilden das Ger\u00fcst dieses Entspannungskonzepts und unterst\u00fctzen die Kinder in der Entwicklung der motorischen und emotionalen Kompetenzen. Weitere Infos zum Konzept gibt es hier: https:\/\/www.yogamotorik.de\/Konzept.html YoMo im Musikstudio Kursleitung: Tessa Breuer [&hellip;]<\/p>\n","protected":false},"author":1,"featured_media":0,"parent":0,"menu_order":23,"comment_status":"closed","ping_status":"closed","template":"","meta":{"footnotes":""},"class_list":["post-334","page","type-page","status-publish","hentry","post-preview"],"_links":{"self":[{"href":"https:\/\/musikstudio-brinkum.de\/index.php?rest_route=\/wp\/v2\/pages\/334"}],"collection":[{"href":"https:\/\/musikstudio-brinkum.de\/index.php?rest_route=\/wp\/v2\/pages"}],"about":[{"href":"https:\/\/musikstudio-brinkum.de\/index.php?rest_route=\/wp\/v2\/types\/page"}],"author":[{"embeddable":true,"href":"https:\/\/musikstudio-brinkum.de\/index.php?rest_route=\/wp\/v2\/users\/1"}],"replies":[{"embeddable":true,"href":"https:\/\/musikstudio-brinkum.de\/index.php?rest_route=%2Fwp%2Fv2%2Fcomments&post=334"}],"version-history":[{"count":17,"href":"https:\/\/musikstudio-brinkum.de\/index.php?rest_route=\/wp\/v2\/pages\/334\/revisions"}],"predecessor-version":[{"id":717,"href":"https:\/\/musikstudio-brinkum.de\/index.php?rest_route=\/wp\/v2\/pages\/334\/revisions\/717"}],"wp:attachment":[{"href":"https:\/\/musikstudio-brinkum.de\/index.php?rest_route=%2Fwp%2Fv2%2Fmedia&parent=334"}],"curies":[{"name":"wp","href":"https:\/\/api.w.org\/{rel}","templated":true}]}}